u(s) = -s**3 + s**2 + 3. Let x(v) = -v**2 + 5*v + 7. Let k be x(6). Suppose -4*b = -5*t - 8, b - k = t + 1. What is u(t)?
3
Let k(z) = -z**2. Let h(c) = 3*c**2 - 9*c - 11. Let b(f) = -h(f) - 2*k(f). Give b(8).
19
Let w(t) be the second derivative of -3*t - t**2 + 0 + 1/20*t**5 - 1/6*t**3 - 1/12*t**4. Suppose 23 = 4*i - 3*h, i + 4*h + 16 = -i. Give w(i).
0
Let b be 4 - (-1 + 2 - 0). Let v(a) = 3*a**3 - a + 5*a**2 - 5*a + 4 - 3*a**b - a**3. Calculate v(4).
-4
Let g(i) = i + 2. Let j be -8*(33/(-12) - -2). Let m(r) = -r**2 + 7*r - 1. Let y be m(j). What is g(y)?
7
Let q(z) be the third derivative of -13*z**6/120 - z**5/60 + z**4/24 + z**3/6 - 2*z**2. Suppose 2*g + g = -3. Calculate q(g).
12
Let c(s) = -3*s - 1. Let w be (4/10)/(1/5). Calculate c(w).
-7
Let u(o) be the second derivative of -o**3/6 + o**2/2 + o. Let v be u(4). Let x(z) be the second derivative of -z**3/6 - 3*z**2/2 - z. Give x(v).
0
Let o(q) = -3*q + 15. Let y(v) = -2*v + 10. Let b(j) = 5*o(j) - 7*y(j). Let i(a) = -3*a - 3. Let r be i(-3). What is b(r)?
-1
Let q(k) = -8*k - k**2 - 4*k + 24 - 30. Give q(-11).
5
Suppose -4*k = -k - 30. Suppose -o = 0, -2*j - 3*o - 2*o = -k. Suppose 0 = -f - j. Let x(c) = c**2 + 5*c + 2. Calculate x(f).
2
Let g(d) be the second derivative of -d**5/20 - d**4/12 + d**3/3 - d**2/2 + 2*d. Suppose -n - 4*n - 5 = 5*x, 11 = 5*x - 3*n. Give g(x).
-1
Let y = -9 + 9. Let c(u) = -u**3 + 7*u**2 + u + 3. Let d(v) = -v**3 + 6*v**2 + v + 4. Let m(o) = 5*c(o) - 6*d(o). Calculate m(y).
-9
Let f(r) be the first derivative of r**7/840 - r**6/72 + r**5/120 - r**4/8 + 2*r**3/3 - 3. Let p(w) be the third derivative of f(w). Determine p(5).
2
Let a(h) = -5*h**3. Suppose 3*k = -s + 4, -2 = -4*k + 2*s - 0. Let j be 1*-3*k + 2. Let o be j - (-1 + 1) - 0. Calculate a(o).
5
Suppose 0 = 5*b - 41 + 11. Let g(y) = -y**2 + 5*y + 2. What is g(b)?
-4
Let l(h) be the second derivative of 1/2*h**2 + 1/3*h**4 + h + 0*h**3 + 0. Let y be l(-1). Let q(w) = w**3 - 4*w**2 - 5*w - 2. Give q(y).
-2
Suppose b + 6 = 3*z, -3*b + 1 = 5*z + 5. Let f(o) = -6*o**3 - o**2 + 1. What is f(z)?
-6
Let j = -24 + 51. Let r = j + -39. Let o = r + 6. Let b(z) = z**2 + 5*z + 1. Calculate b(o).
7
Suppose -2*o = -x + 18, 2*x = -3*x - 4*o + 132. Let z = x - 20. Let q(l) = l**2 - 7*l + 5. Calculate q(z).
-7
Let b(w) be the second derivative of -1/3*w**3 + w**2 + w + 0. Give b(2).
-2
Let k(h) = -h**3 + 5*h**2 + 4*h + 6. Let z(o) be the second derivative of o + 0 + 4/3*o**3 - 1/12*o**4 + 3*o**2. Let b be z(8). Determine k(b).
-6
Suppose 3*d - 7 = y - 18, -d - 7 = -y. Suppose 3*m = -y*g - 19, 3*g + 7 + 14 = 3*m. Let l(h) = -1 + 1 - 3*h + h**2 + 3. What is l(m)?
1
Let c(h) = -6*h - 5. Let o(b) = b + 1. Let m(k) = 2*c(k) + 11*o(k). Determine m(-6).
7
Suppose 2*i + 12 = -2*d, 3*i = 4*d + 24 - 7. Let j = d - -5. Let a(u) = 2 - 4*u**2 - u + u**2 + j*u**2 + 2*u**2. What is a(0)?
2
Let k(c) = c - 5 + 4*c**2 - c**2 + c**3 - 4*c**2 + 1. Let l be k(0). Let w(y) = y + 5. Determine w(l).
1
Let r(f) = -5*f. Let g(y) = -30*y. Let c(v) = 6*g(v) - 35*r(v). Suppose -s = -4*s - 6. Let b(d) = d + 1. Let i be b(s). Calculate c(i).
5
Let y(p) = 2*p**3 - 8*p**2 + 7*p + 5. Let x(i) = -i**3 + 7*i**2 - 7*i - 6. Let m(v) = -3*x(v) - 2*y(v). Suppose 4*l + 5 + 25 = -2*b, 3*b + 9 = 0. What is m(l)?
2
Let k(s) = -2*s - 4*s + 7*s - 2*s - 4. Determine k(4).
-8
Let q be 1 - -3 - (-3)/(-3). Let x(h) = h**2 - 2*h - 3*h - q + 0*h. Suppose 0 = -3*p + 22 - 7. Give x(p).
-3
Let g(d) = -2*d - 9. Let l be g(-5). Let p(i) = -2*i**2 - i. Calculate p(l).
-3
Let m = -1 + -1. Let n = m - -2. Let c(s) = 0*s + n*s + s. Determine c(-1).
-1
Let f = 7 - -2. Suppose -5*b = -h - 21 - f, -2*b = 2*h. Let z(q) = 4 + 4*q + 0 - 2*q. Determine z(h).
-6
Suppose 4*f + 42 = -2*l, 3*f + 24 = l - 15. Let v = -7 - f. Let b(w) = w**2 - 3*w - 6. Determine b(v).
4
Let o(a) = -a**2 - 6*a - 5. Let l be o(-4). Let q be (-2 + 2)*l/(-6). Let v(r) = -r + 7. Let m(g) = g - 7. Let c(z) = 4*m(z) + 5*v(z). Calculate c(q).
7
Let l(a) = -2*a**2 - a - 1. Let g = 23 - 21. What is l(g)?
-11
Let l = -2 - -2. Let n(a) = -a + a + 8 - 3*a + 2*a. Give n(l).
8
Let j(a) = 11*a - 2. Let t(q) = 21*q - 3. Let c(b) = -5*j(b) + 3*t(b). What is c(-1)?
-7
Suppose -b = b - 14. Let c(z) = 3*z**3 - 2*z**3 - 2*z - b + 0*z**2 - 5*z**2 - 2*z**3. What is c(-5)?
3
Let b(y) be the second derivative of y**5/20 - 7*y**4/12 + 7*y**3/6 - 2*y**2 + 10*y. Calculate b(6).
2
Let b(m) be the second derivative of m**3/2 + 2*m**2 - 2*m. Let r(w) = w**3 - 9*w**2 + 7*w + 5. Let l be r(8). Calculate b(l).
-5
Let p(t) = -t - t + t - 11. Let o(f) = f + 1. Let a = -11 + 5. Let u be o(a). Determine p(u).
-6
Let m = -11 + 12. Let v(x) = -x - 1. Let r(w) = w**2 - 3*w - 12. Let y(q) = m*r(q) - 5*v(q). Calculate y(-5).
8
Let o(h) = h - 3*h + 0*h + 0*h + 1. Let v be (2/3)/(6/27). What is o(v)?
-5
Let j(n) be the third derivative of -n**6/720 + n**5/120 - n**4/6 + 4*n**2. Let f(t) be the second derivative of j(t). Determine f(2).
-1
Let z(w) = -w**3 - 13*w**2 - w - 18. Let u be z(-13). Let t be u/(-1)*(-24)/20. Let p(k) = -k**3 - 7*k**2 - 5*k + 4. Calculate p(t).
-2
Suppose 2*o + 0*o = 20. Let u(k) = 5 + 4*k + 5*k + 0 - o*k. Let w = -15 - -10. Give u(w).
10
Suppose 0 = 4*c + 4*s + 16, 4*c - 6 = -5*s - 27. Let d(h) = h**2 - h - 1. Let n(l) = l - 2. Let z(y) = c*n(y) - d(y). What is z(3)?
-4
Let c be (-2)/(-6)*12/(-8)*12. Let s(l) = l**2 + 5*l - 8. Give s(c).
-2
Let x be (-1 - -2)/(3/6). Let u(d) = 3*d**3 - 2*d**2 - 2*d + 1. Give u(x).
13
Let l(d) = -d**2 - d + 5. Let i be 3 + (-15)/(15/3). Give l(i).
5
Let a(z) be the second derivative of -7*z**4/6 - z**2/2 - 3*z. Let p = -5 - -4. Calculate a(p).
-15
Suppose -7*p + 6*p + 3 = -j, 2*j = p + 2. Let b(k) = -k**2 + 8*k + 1. Give b(p).
1
Let a be (-31)/(-2) - 1/(-2). Suppose -5*n - 3*q - 2 = 0, -8*q - a = -4*q. Suppose 6 = 4*u - n. Let x(j) = -2*j - 2. What is x(u)?
-6
Let i be (1 + (2 - 3))/2. Let t = 2 - i. Let l be (1 - (-7)/(-2))*t. Let f(v) = v**3 + 5*v**2 - 2*v - 5. Determine f(l).
5
Suppose 2*q - q + w = 8, -w + 22 = 3*q. Let r(c) = c**2 - 5*c - 10. What is r(q)?
4
Let n(l) = l**2 - 1 - 8*l - 5 + 4*l. Give n(5).
-1
Let h(x) be the third derivative of -4*x**2 + 0*x - 1/120*x**6 + 2/3*x**3 - 5/24*x**4 + 0 - 1/10*x**5. What is h(-4)?
-8
Let m(h) = -h**3 + 5*h**2 + 4*h + 8. Let t(c) = c**3 - 5*c**2 - 3*c - 7. Let f(g) = -4*m(g) - 5*t(g). Determine f(5).
-2
Suppose -5*r + 0 = -3*a + 4, -3*r = 4*a - 15. Let b(c) = 4*c**2 + c. What is b(r)?
5
Let s(u) = u**2 + 4*u + 6. Suppose -a = -2 + 6. What is s(a)?
6
Let n(k) = -k - 10. Let f be n(-7). Let z be f/5 + 8/5. Let p(g) = 9*g - 3. Let w(c) = -c + 1. Let r(y) = p(y) + 4*w(y). Calculate r(z).
6
Suppose 2*l - 6 = -3*o + 15, 0 = 5*l - 2*o - 5. Suppose l = -2*x + 5. Let d(j) = -2*j - 3*j + 6*j - 3*j + x. What is d(2)?
-3
Let v = -78 - -74. Let r(m) = -m**2 - 3*m + 8. Let x(l) = l**2 + 3*l - 7. Let a(h) = -5*r(h) - 6*x(h). Calculate a(v).
-2
Let i(m) = 2*m + 2. Let g(l) = l**3 - 3*l**2 + 2*l + 2. Let b be g(2). Let r be -6*(7/b + -3). Give i(r).
-4
Let a(x) be the second derivative of -2*x**2 + 1/6*x**4 + 3*x - 5/6*x**3 + 0 + 1/20*x**5. Determine a(-3).
2
Let i(f) = -f - 1. Suppose 2*q + 2*d + 7 = -q, 0 = -5*q + 4*d - 19. Let s be i(q). Let v(l) = 1 + s*l + 2 - 5. Give v(-2).
-6
Let i(o) be the third derivative of -o**5/30 - o**4/6 - o**3/3 + o**2. Let l = 25 + -12. Let y = 11 - l. What is i(y)?
-2
Let k(x) = -x**2 + 5*x + 4. Let h(w) = w + 1. Let b(t) = -5*h(t) + k(t). Give b(-2).
-5
Let d(s) = -6*s**2 + 10*s + 2. Let r(n) = 5*n**2 - 9*n - 2. Let a(j) = -4*d(j) - 5*r(j). Determine a(5).
2
Suppose -16 = -3*w - 3*u - 7, -4 = -3*w + 2*u. Suppose f = 2*f - w. Let l(d) = -7*d + 2. What is l(f)?
-12
Suppose 4 = 4*k - x, -2*k - 12 = 3*x - 0*x. Suppose -z - 6 = -k*z. Let v(c) = c**2 + 5*c - 5. Determine v(z).
1
Let w(j) = 4*j. Let k be w(1). Suppose -3 = -k*t - 19. Let z(q) = 5*q + 3. Let s(p) = 3*p + 2. Let h(x) = 7*s(x) - 4*z(x). Determine h(t).
-2
Let c(d) = -6 + 0*d + d - 6. Give c(6).
-6
Let h(p) = 14*p**3 - 25*p + 25*p - 1. What is h(1)?
13
Suppose 0*f = 3*f + 18. Let p(r) = -r - 5. Let y be p(f). Let d(i) = 3*i**2 + 2 - 3 + i + 0. Calculate d(y).
3
Let c(m) = -3*m**3 + 6 + 2*m**3 - 5*m**2 - 4 - 5*m. Give c(-4).
6
Suppose -5*u - 17 + 77 = 3*s, -2*u = 4*s -